{"id":62924,"date":"2025-01-27T09:29:59","date_gmt":"2025-01-27T09:28:39","guid":{"rendered":"https:\/\/pro.costa-verde.com\/?post_type=product&#038;p=62924"},"modified":"2025-07-14T11:49:13","modified_gmt":"2025-07-14T10:49:13","slug":"plato-32cm-onda","status":"publish","type":"product","link":"https:\/\/pro.costa-verde.com\/es\/produto\/plato-32cm-onda\/","title":{"rendered":"Plato 32cm"},"content":{"rendered":"\t\t<div data-elementor-type=\"product-post\" data-elementor-id=\"62924\" class=\"elementor elementor-62924 elementor-62861\" data-elementor-post-type=\"product\">\n\t\t\t\t\t\t<section class=\"elementor-section elementor-top-section elementor-element elementor-element-e20abff elementor-section-boxed elementor-section-height-default elementor-section-height-default\" data-id=\"e20abff\" data-element_type=\"section\">\n\t\t\t\t\t\t<div class=\"elementor-container elementor-column-gap-default\">\n\t\t\t\t\t<div class=\"elementor-column elementor-col-100 elementor-top-column elementor-element elementor-element-8f6cd20\" data-id=\"8f6cd20\" data-element_type=\"column\">\n\t\t\t<div class=\"elementor-widget-wrap elementor-element-populated\">\n\t\t\t\t\t\t<div class=\"elementor-element elementor-element-e7adb91 elementor-widget elementor-widget-text-editor\" data-id=\"e7adb91\" data-element_type=\"widget\" data-widget_type=\"text-editor.default\">\n\t\t\t\t<div class=\"elementor-widget-container\">\n\t\t\t\t\t\t\t\t\t<p>Onda, una colecci\u00f3n refinada y elegante con un esmalte blanco brillante, transmite una pureza refinada, ideal para ambientes de excelencia.<\/p>\n<p>Dise\u00f1ada para resistir el paso del tiempo, Onda se destaca por su durabilidad, gracias al refuerzo en el borde, que asegura una resistencia excepcional, manteniendo la belleza y funcionalidad en ambientes de alta exigencia.<\/p>\n<p>Perfecta para quien busca calidad, elegancia y un toque de distinci\u00f3n en cada detalle, la colecci\u00f3n Onda es la elecci\u00f3n ideal para ambientes sofisticados que celebran la perfecci\u00f3n.<\/p>\n\t\t\t\t\t\t\t\t<\/div>\n\t\t\t\t<\/div>\n\t\t\t\t\t<\/div>\n\t\t<\/div>\n\t\t\t\t\t<\/div>\n\t\t<\/section>\n\t\t\t\t<\/div>\n\t\t","protected":false},"excerpt":{"rendered":"<p>Onda, una colecci\u00f3n refinada y elegante con un esmalte blanco brillante, transmite una pureza refinada, ideal para ambientes de excelencia. Dise\u00f1ada para resistir el paso del tiempo, Onda se destaca por su durabilidad, gracias al refuerzo en el borde, que asegura una resistencia excepcional, manteniendo la belleza y funcionalidad en ambientes de alta exigencia. Perfecta [&hellip;]<\/p>\n","protected":false},"featured_media":66760,"comment_status":"open","ping_status":"closed","template":"","meta":[],"product_brand":[],"product_cat":[1327],"product_tag":[],"class_list":{"0":"post-62924","1":"product","2":"type-product","3":"status-publish","4":"has-post-thumbnail","6":"product_cat-platos-es-7","7":"pa_colecao-onda-es","9":"first","10":"instock","11":"taxable","12":"shipping-taxable","13":"product-type-simple"},"yoast_head":"<!-- This site is optimized with the Yoast SEO plugin v26.9 - https:\/\/yoast.com\/product\/yoast-seo-wordpress\/ -->\n<title>Plato 32cm - Costa Verde<\/title>\n<meta name=\"robots\" content=\"index, follow, max-snippet:-1, max-image-preview:large, max-video-preview:-1\" \/>\n<link rel=\"canonical\" href=\"https:\/\/pro.costa-verde.com\/produto\/prato-32cm-onda\/\" \/>\n<meta property=\"og:locale\" content=\"es_ES\" \/>\n<meta property=\"og:type\" content=\"article\" \/>\n<meta property=\"og:title\" content=\"Plato 32cm - Costa Verde\" \/>\n<meta property=\"og:description\" content=\"Onda, una colecci\u00f3n refinada y elegante con un esmalte blanco brillante, transmite una pureza refinada, ideal para ambientes de excelencia. Dise\u00f1ada para resistir el paso del tiempo, Onda se destaca por su durabilidad, gracias al refuerzo en el borde, que asegura una resistencia excepcional, manteniendo la belleza y funcionalidad en ambientes de alta exigencia. Perfecta [&hellip;]\" \/>\n<meta property=\"og:url\" content=\"https:\/\/pro.costa-verde.com\/produto\/prato-32cm-onda\/\" \/>\n<meta property=\"og:site_name\" content=\"Costa Verde\" \/>\n<meta property=\"article:publisher\" content=\"https:\/\/www.facebook.com\/costaverdeporcelanas\/\" \/>\n<meta property=\"article:modified_time\" content=\"2025-07-14T10:49:13+00:00\" \/>\n<meta property=\"og:image\" content=\"https:\/\/pro.costa-verde.com\/wp-content\/uploads\/2025\/07\/72.2-OND-PRATO-32CM-2.jpg\" \/>\n\t<meta property=\"og:image:width\" content=\"1920\" \/>\n\t<meta property=\"og:image:height\" content=\"1230\" \/>\n\t<meta property=\"og:image:type\" content=\"image\/jpeg\" \/>\n<meta name=\"twitter:card\" content=\"summary_large_image\" \/>\n<script type=\"application\/ld+json\" class=\"yoast-schema-graph\">{\"@context\":\"https:\/\/schema.org\",\"@graph\":[{\"@type\":\"WebPage\",\"@id\":\"https:\/\/pro.costa-verde.com\/produto\/prato-32cm-onda\/\",\"url\":\"https:\/\/pro.costa-verde.com\/produto\/prato-32cm-onda\/\",\"name\":\"Plato 32cm - Costa Verde\",\"isPartOf\":{\"@id\":\"https:\/\/pro.costa-verde.com\/#website\"},\"primaryImageOfPage\":{\"@id\":\"https:\/\/pro.costa-verde.com\/produto\/prato-32cm-onda\/#primaryimage\"},\"image\":{\"@id\":\"https:\/\/pro.costa-verde.com\/produto\/prato-32cm-onda\/#primaryimage\"},\"thumbnailUrl\":\"https:\/\/pro.costa-verde.com\/wp-content\/uploads\/2025\/07\/72.2-OND-PRATO-32CM-2.jpg\",\"datePublished\":\"2025-01-27T09:28:39+00:00\",\"dateModified\":\"2025-07-14T10:49:13+00:00\",\"breadcrumb\":{\"@id\":\"https:\/\/pro.costa-verde.com\/produto\/prato-32cm-onda\/#breadcrumb\"},\"inLanguage\":\"es\",\"potentialAction\":[{\"@type\":\"ReadAction\",\"target\":[\"https:\/\/pro.costa-verde.com\/produto\/prato-32cm-onda\/\"]}]},{\"@type\":\"ImageObject\",\"inLanguage\":\"es\",\"@id\":\"https:\/\/pro.costa-verde.com\/produto\/prato-32cm-onda\/#primaryimage\",\"url\":\"https:\/\/pro.costa-verde.com\/wp-content\/uploads\/2025\/07\/72.2-OND-PRATO-32CM-2.jpg\",\"contentUrl\":\"https:\/\/pro.costa-verde.com\/wp-content\/uploads\/2025\/07\/72.2-OND-PRATO-32CM-2.jpg\",\"width\":1920,\"height\":1230},{\"@type\":\"BreadcrumbList\",\"@id\":\"https:\/\/pro.costa-verde.com\/produto\/prato-32cm-onda\/#breadcrumb\",\"itemListElement\":[{\"@type\":\"ListItem\",\"position\":1,\"name\":\"In\u00edcio\",\"item\":\"https:\/\/pro.costa-verde.com\/es\/\"},{\"@type\":\"ListItem\",\"position\":2,\"name\":\"Loja online\",\"item\":\"https:\/\/pro.costa-verde.com\/loja-online\/\"},{\"@type\":\"ListItem\",\"position\":3,\"name\":\"Plato 32cm\"}]},{\"@type\":\"WebSite\",\"@id\":\"https:\/\/pro.costa-verde.com\/#website\",\"url\":\"https:\/\/pro.costa-verde.com\/\",\"name\":\"Costa Verde\",\"description\":\"Loja Online\",\"potentialAction\":[{\"@type\":\"SearchAction\",\"target\":{\"@type\":\"EntryPoint\",\"urlTemplate\":\"https:\/\/pro.costa-verde.com\/?s={search_term_string}\"},\"query-input\":{\"@type\":\"PropertyValueSpecification\",\"valueRequired\":true,\"valueName\":\"search_term_string\"}}],\"inLanguage\":\"es\"}]}<\/script>\n<!-- \/ Yoast SEO plugin. -->","yoast_head_json":{"title":"Plato 32cm - Costa Verde","robots":{"index":"index","follow":"follow","max-snippet":"max-snippet:-1","max-image-preview":"max-image-preview:large","max-video-preview":"max-video-preview:-1"},"canonical":"https:\/\/pro.costa-verde.com\/produto\/prato-32cm-onda\/","og_locale":"es_ES","og_type":"article","og_title":"Plato 32cm - Costa Verde","og_description":"Onda, una colecci\u00f3n refinada y elegante con un esmalte blanco brillante, transmite una pureza refinada, ideal para ambientes de excelencia. Dise\u00f1ada para resistir el paso del tiempo, Onda se destaca por su durabilidad, gracias al refuerzo en el borde, que asegura una resistencia excepcional, manteniendo la belleza y funcionalidad en ambientes de alta exigencia. Perfecta [&hellip;]","og_url":"https:\/\/pro.costa-verde.com\/produto\/prato-32cm-onda\/","og_site_name":"Costa Verde","article_publisher":"https:\/\/www.facebook.com\/costaverdeporcelanas\/","article_modified_time":"2025-07-14T10:49:13+00:00","og_image":[{"width":1920,"height":1230,"url":"https:\/\/pro.costa-verde.com\/wp-content\/uploads\/2025\/07\/72.2-OND-PRATO-32CM-2.jpg","type":"image\/jpeg"}],"twitter_card":"summary_large_image","schema":{"@context":"https:\/\/schema.org","@graph":[{"@type":"WebPage","@id":"https:\/\/pro.costa-verde.com\/produto\/prato-32cm-onda\/","url":"https:\/\/pro.costa-verde.com\/produto\/prato-32cm-onda\/","name":"Plato 32cm - Costa Verde","isPartOf":{"@id":"https:\/\/pro.costa-verde.com\/#website"},"primaryImageOfPage":{"@id":"https:\/\/pro.costa-verde.com\/produto\/prato-32cm-onda\/#primaryimage"},"image":{"@id":"https:\/\/pro.costa-verde.com\/produto\/prato-32cm-onda\/#primaryimage"},"thumbnailUrl":"https:\/\/pro.costa-verde.com\/wp-content\/uploads\/2025\/07\/72.2-OND-PRATO-32CM-2.jpg","datePublished":"2025-01-27T09:28:39+00:00","dateModified":"2025-07-14T10:49:13+00:00","breadcrumb":{"@id":"https:\/\/pro.costa-verde.com\/produto\/prato-32cm-onda\/#breadcrumb"},"inLanguage":"es","potentialAction":[{"@type":"ReadAction","target":["https:\/\/pro.costa-verde.com\/produto\/prato-32cm-onda\/"]}]},{"@type":"ImageObject","inLanguage":"es","@id":"https:\/\/pro.costa-verde.com\/produto\/prato-32cm-onda\/#primaryimage","url":"https:\/\/pro.costa-verde.com\/wp-content\/uploads\/2025\/07\/72.2-OND-PRATO-32CM-2.jpg","contentUrl":"https:\/\/pro.costa-verde.com\/wp-content\/uploads\/2025\/07\/72.2-OND-PRATO-32CM-2.jpg","width":1920,"height":1230},{"@type":"BreadcrumbList","@id":"https:\/\/pro.costa-verde.com\/produto\/prato-32cm-onda\/#breadcrumb","itemListElement":[{"@type":"ListItem","position":1,"name":"In\u00edcio","item":"https:\/\/pro.costa-verde.com\/es\/"},{"@type":"ListItem","position":2,"name":"Loja online","item":"https:\/\/pro.costa-verde.com\/loja-online\/"},{"@type":"ListItem","position":3,"name":"Plato 32cm"}]},{"@type":"WebSite","@id":"https:\/\/pro.costa-verde.com\/#website","url":"https:\/\/pro.costa-verde.com\/","name":"Costa Verde","description":"Loja Online","potentialAction":[{"@type":"SearchAction","target":{"@type":"EntryPoint","urlTemplate":"https:\/\/pro.costa-verde.com\/?s={search_term_string}"},"query-input":{"@type":"PropertyValueSpecification","valueRequired":true,"valueName":"search_term_string"}}],"inLanguage":"es"}]}},"_links":{"self":[{"href":"https:\/\/pro.costa-verde.com\/es\/wp-json\/wp\/v2\/product\/62924","targetHints":{"allow":["GET"]}}],"collection":[{"href":"https:\/\/pro.costa-verde.com\/es\/wp-json\/wp\/v2\/product"}],"about":[{"href":"https:\/\/pro.costa-verde.com\/es\/wp-json\/wp\/v2\/types\/product"}],"replies":[{"embeddable":true,"href":"https:\/\/pro.costa-verde.com\/es\/wp-json\/wp\/v2\/comments?post=62924"}],"version-history":[{"count":4,"href":"https:\/\/pro.costa-verde.com\/es\/wp-json\/wp\/v2\/product\/62924\/revisions"}],"predecessor-version":[{"id":66883,"href":"https:\/\/pro.costa-verde.com\/es\/wp-json\/wp\/v2\/product\/62924\/revisions\/66883"}],"wp:featuredmedia":[{"embeddable":true,"href":"https:\/\/pro.costa-verde.com\/es\/wp-json\/wp\/v2\/media\/66760"}],"wp:attachment":[{"href":"https:\/\/pro.costa-verde.com\/es\/wp-json\/wp\/v2\/media?parent=62924"}],"wp:term":[{"taxonomy":"product_brand","embeddable":true,"href":"https:\/\/pro.costa-verde.com\/es\/wp-json\/wp\/v2\/product_brand?post=62924"},{"taxonomy":"product_cat","embeddable":true,"href":"https:\/\/pro.costa-verde.com\/es\/wp-json\/wp\/v2\/product_cat?post=62924"},{"taxonomy":"product_tag","embeddable":true,"href":"https:\/\/pro.costa-verde.com\/es\/wp-json\/wp\/v2\/product_tag?post=62924"}],"curies":[{"name":"wp","href":"https:\/\/api.w.org\/{rel}","templated":true}]}}

<div data-elementor-type="product-post" data-elementor-id="62924" class="elementor elementor-62924 elementor-62861" data-elementor-post-type="product">
						<section class="elementor-section elementor-top-section elementor-element elementor-element-e20abff elementor-section-boxed elementor-section-height-default elementor-section-height-default" data-id="e20abff" data-element_type="section">
						<div class="elementor-container elementor-column-gap-default">
					<div class="elementor-column elementor-col-100 elementor-top-column elementor-element elementor-element-8f6cd20" data-id="8f6cd20" data-element_type="column">
			<div class="elementor-widget-wrap elementor-element-populated">
						<div class="elementor-element elementor-element-e7adb91 elementor-widget elementor-widget-text-editor" data-id="e7adb91" data-element_type="widget" data-widget_type="text-editor.default">
				<div class="elementor-widget-container">
									<p>Onda, una colección refinada y elegante con un esmalte blanco brillante, transmite una pureza refinada, ideal para ambientes de excelencia.</p>
<p>Diseñada para resistir el paso del tiempo, Onda se destaca por su durabilidad, gracias al refuerzo en el borde, que asegura una resistencia excepcional, manteniendo la belleza y funcionalidad en ambientes de alta exigencia.</p>
<p>Perfecta para quien busca calidad, elegancia y un toque de distinción en cada detalle, la colección Onda es la elección ideal para ambientes sofisticados que celebran la perfección.</p>
								</div>
				</div>
					</div>
		</div>
					</div>
		</section>
				</div>

<p>Onda, una colección refinada y elegante con un esmalte blanco brillante, transmite una pureza refinada, ideal para ambientes de excelencia. Diseñada para resistir el paso del tiempo, Onda se destaca por su durabilidad, gracias al refuerzo en el borde, que asegura una resistencia excepcional, manteniendo la belleza y funcionalidad en ambientes de alta exigencia. Perfecta [&hellip;]</p>

<!-- This site is optimized with the Yoast SEO plugin v26.9 - https://yoast.com/product/yoast-seo-wordpress/ -->
<title>Plato 32cm - Costa Verde</title>
<meta name="robots" content="index, follow, max-snippet:-1, max-image-preview:large, max-video-preview:-1" />
<link rel="canonical" href="https://pro.costa-verde.com/produto/prato-32cm-onda/" />
<meta property="og:locale" content="es_ES" />
<meta property="og:type" content="article" />
<meta property="og:title" content="Plato 32cm - Costa Verde" />
<meta property="og:description" content="Onda, una colección refinada y elegante con un esmalte blanco brillante, transmite una pureza refinada, ideal para ambientes de excelencia. Diseñada para resistir el paso del tiempo, Onda se destaca por su durabilidad, gracias al refuerzo en el borde, que asegura una resistencia excepcional, manteniendo la belleza y funcionalidad en ambientes de alta exigencia. Perfecta [&hellip;]" />
<meta property="og:url" content="https://pro.costa-verde.com/produto/prato-32cm-onda/" />
<meta property="og:site_name" content="Costa Verde" />
<meta property="article:publisher" content="https://www.facebook.com/costaverdeporcelanas/" />
<meta property="article:modified_time" content="2025-07-14T10:49:13+00:00" />
<meta property="og:image" content="https://pro.costa-verde.com/wp-content/uploads/2025/07/72.2-OND-PRATO-32CM-2.jpg" />
	<meta property="og:image:width" content="1920" />
	<meta property="og:image:height" content="1230" />
	<meta property="og:image:type" content="image/jpeg" />
<meta name="twitter:card" content="summary_large_image" />
<script type="application/ld+json" class="yoast-schema-graph">{"@context":"https://schema.org","@graph":[{"@type":"WebPage","@id":"https://pro.costa-verde.com/produto/prato-32cm-onda/","url":"https://pro.costa-verde.com/produto/prato-32cm-onda/","name":"Plato 32cm - Costa Verde","isPartOf":{"@id":"https://pro.costa-verde.com/#website"},"primaryImageOfPage":{"@id":"https://pro.costa-verde.com/produto/prato-32cm-onda/#primaryimage"},"image":{"@id":"https://pro.costa-verde.com/produto/prato-32cm-onda/#primaryimage"},"thumbnailUrl":"https://pro.costa-verde.com/wp-content/uploads/2025/07/72.2-OND-PRATO-32CM-2.jpg","datePublished":"2025-01-27T09:28:39+00:00","dateModified":"2025-07-14T10:49:13+00:00","breadcrumb":{"@id":"https://pro.costa-verde.com/produto/prato-32cm-onda/#breadcrumb"},"inLanguage":"es","potentialAction":[{"@type":"ReadAction","target":["https://pro.costa-verde.com/produto/prato-32cm-onda/"]}]},{"@type":"ImageObject","inLanguage":"es","@id":"https://pro.costa-verde.com/produto/prato-32cm-onda/#primaryimage","url":"https://pro.costa-verde.com/wp-content/uploads/2025/07/72.2-OND-PRATO-32CM-2.jpg","contentUrl":"https://pro.costa-verde.com/wp-content/uploads/2025/07/72.2-OND-PRATO-32CM-2.jpg","width":1920,"height":1230},{"@type":"BreadcrumbList","@id":"https://pro.costa-verde.com/produto/prato-32cm-onda/#breadcrumb","itemListElement":[{"@type":"ListItem","position":1,"name":"Início","item":"https://pro.costa-verde.com/es/"},{"@type":"ListItem","position":2,"name":"Loja online","item":"https://pro.costa-verde.com/loja-online/"},{"@type":"ListItem","position":3,"name":"Plato 32cm"}]},{"@type":"WebSite","@id":"https://pro.costa-verde.com/#website","url":"https://pro.costa-verde.com/","name":"Costa Verde","description":"Loja Online","potentialAction":[{"@type":"SearchAction","target":{"@type":"EntryPoint","urlTemplate":"https://pro.costa-verde.com/?s={search_term_string}"},"query-input":{"@type":"PropertyValueSpecification","valueRequired":true,"valueName":"search_term_string"}}],"inLanguage":"es"}]}</script>
<!-- / Yoast SEO plugin. -->

Onda, una colección refinada y elegante con un esmalte blanco brillante, transmite una pureza refinada, ideal para ambientes de excelencia. Diseñada para resistir el paso del tiempo, Onda se destaca por su durabilidad, gracias al refuerzo en el borde, que asegura una resistencia excepcional, manteniendo la belleza y funcionalidad en ambientes de alta exigencia. Perfecta [&hellip;]

Início
