{"id":19807,"date":"2020-12-04T16:55:03","date_gmt":"2020-12-04T16:55:03","guid":{"rendered":"https:\/\/pro.costa-verde.com\/produto\/plato-25x21cm\/"},"modified":"2021-12-30T16:36:23","modified_gmt":"2021-12-30T16:36:23","slug":"plato-25x21cm","status":"publish","type":"product","link":"https:\/\/pro.costa-verde.com\/es\/produto\/plato-25x21cm\/","title":{"rendered":"Plato 25X21cm"},"content":{"rendered":"<table width=\"234\">\n<tbody>\n<tr>\n<td width=\"234\">OPERA<br \/>\nUna orquesta y sus solistas.<br \/>\nLa colecci\u00f3n Opera es una colecci\u00f3n rom\u00e1ntica concebida con un sentido de complementariedad y personalizaci\u00f3n. Una colecci\u00f3n vasta y completa con diversas formas que se complementan, dirigida esencialmente al sector profesional y que da a cada autor la capacidad de infundir en el emplatado su sello personal. Este sentido de la autor\u00eda se refuerza a\u00fan m\u00e1s por la conexi\u00f3n entre la colecci\u00f3n Opera y las colecciones Boheme y Aria, nacidas para acompa\u00f1ar la colecci\u00f3n de base con detalles que enriquecen el conjunto.<\/td>\n<\/tr>\n<\/tbody>\n<\/table>\n","protected":false},"excerpt":{"rendered":"<p>OPERA Una orquesta y sus solistas. La colecci\u00f3n Opera es una colecci\u00f3n rom\u00e1ntica concebida con un sentido de complementariedad y personalizaci\u00f3n. Una colecci\u00f3n vasta y completa con diversas formas que se complementan, dirigida esencialmente al sector profesional y que da a cada autor la capacidad de infundir en el emplatado su sello personal. Este sentido [&hellip;]<\/p>\n","protected":false},"featured_media":0,"comment_status":"open","ping_status":"closed","template":"","meta":[],"product_brand":[],"product_cat":[1335],"product_tag":[],"class_list":{"0":"post-19807","1":"product","2":"type-product","3":"status-publish","5":"product_cat-platos-es-13","6":"pa_colecao-opera-es","8":"first","9":"instock","10":"taxable","11":"shipping-taxable","12":"product-type-simple"},"yoast_head":"<!-- This site is optimized with the Yoast SEO plugin v26.9 - https:\/\/yoast.com\/product\/yoast-seo-wordpress\/ -->\n<title>Plato 25X21cm - Costa Verde<\/title>\n<meta name=\"robots\" content=\"index, follow, max-snippet:-1, max-image-preview:large, max-video-preview:-1\" \/>\n<link rel=\"canonical\" href=\"https:\/\/pro.costa-verde.com\/produto\/prato-25x21cm\/\" \/>\n<meta property=\"og:locale\" content=\"es_ES\" \/>\n<meta property=\"og:type\" content=\"article\" \/>\n<meta property=\"og:title\" content=\"Plato 25X21cm - Costa Verde\" \/>\n<meta property=\"og:description\" content=\"OPERA Una orquesta y sus solistas. La colecci\u00f3n Opera es una colecci\u00f3n rom\u00e1ntica concebida con un sentido de complementariedad y personalizaci\u00f3n. Una colecci\u00f3n vasta y completa con diversas formas que se complementan, dirigida esencialmente al sector profesional y que da a cada autor la capacidad de infundir en el emplatado su sello personal. Este sentido [&hellip;]\" \/>\n<meta property=\"og:url\" content=\"https:\/\/pro.costa-verde.com\/produto\/prato-25x21cm\/\" \/>\n<meta property=\"og:site_name\" content=\"Costa Verde\" \/>\n<meta property=\"article:publisher\" content=\"https:\/\/www.facebook.com\/costaverdeporcelanas\/\" \/>\n<meta property=\"article:modified_time\" content=\"2021-12-30T16:36:23+00:00\" \/>\n<meta property=\"og:image\" content=\"https:\/\/pro.costa-verde.com\/wp-content\/uploads\/2021\/04\/costa.verde_.png\" \/>\n\t<meta property=\"og:image:width\" content=\"200\" \/>\n\t<meta property=\"og:image:height\" content=\"200\" \/>\n\t<meta property=\"og:image:type\" content=\"image\/png\" \/>\n<meta name=\"twitter:card\" content=\"summary_large_image\" \/>\n<meta name=\"twitter:label1\" content=\"Tiempo de lectura\" \/>\n\t<meta name=\"twitter:data1\" content=\"1 minuto\" \/>\n<script type=\"application\/ld+json\" class=\"yoast-schema-graph\">{\"@context\":\"https:\/\/schema.org\",\"@graph\":[{\"@type\":\"WebPage\",\"@id\":\"https:\/\/pro.costa-verde.com\/produto\/prato-25x21cm\/\",\"url\":\"https:\/\/pro.costa-verde.com\/produto\/prato-25x21cm\/\",\"name\":\"Plato 25X21cm - Costa Verde\",\"isPartOf\":{\"@id\":\"https:\/\/pro.costa-verde.com\/#website\"},\"datePublished\":\"2020-12-04T16:55:03+00:00\",\"dateModified\":\"2021-12-30T16:36:23+00:00\",\"breadcrumb\":{\"@id\":\"https:\/\/pro.costa-verde.com\/produto\/prato-25x21cm\/#breadcrumb\"},\"inLanguage\":\"es\",\"potentialAction\":[{\"@type\":\"ReadAction\",\"target\":[\"https:\/\/pro.costa-verde.com\/produto\/prato-25x21cm\/\"]}]},{\"@type\":\"BreadcrumbList\",\"@id\":\"https:\/\/pro.costa-verde.com\/produto\/prato-25x21cm\/#breadcrumb\",\"itemListElement\":[{\"@type\":\"ListItem\",\"position\":1,\"name\":\"In\u00edcio\",\"item\":\"https:\/\/pro.costa-verde.com\/es\/\"},{\"@type\":\"ListItem\",\"position\":2,\"name\":\"Loja online\",\"item\":\"https:\/\/pro.costa-verde.com\/loja-online\/\"},{\"@type\":\"ListItem\",\"position\":3,\"name\":\"Plato 25X21cm\"}]},{\"@type\":\"WebSite\",\"@id\":\"https:\/\/pro.costa-verde.com\/#website\",\"url\":\"https:\/\/pro.costa-verde.com\/\",\"name\":\"Costa Verde\",\"description\":\"Loja Online\",\"potentialAction\":[{\"@type\":\"SearchAction\",\"target\":{\"@type\":\"EntryPoint\",\"urlTemplate\":\"https:\/\/pro.costa-verde.com\/?s={search_term_string}\"},\"query-input\":{\"@type\":\"PropertyValueSpecification\",\"valueRequired\":true,\"valueName\":\"search_term_string\"}}],\"inLanguage\":\"es\"}]}<\/script>\n<!-- \/ Yoast SEO plugin. -->","yoast_head_json":{"title":"Plato 25X21cm - Costa Verde","robots":{"index":"index","follow":"follow","max-snippet":"max-snippet:-1","max-image-preview":"max-image-preview:large","max-video-preview":"max-video-preview:-1"},"canonical":"https:\/\/pro.costa-verde.com\/produto\/prato-25x21cm\/","og_locale":"es_ES","og_type":"article","og_title":"Plato 25X21cm - Costa Verde","og_description":"OPERA Una orquesta y sus solistas. La colecci\u00f3n Opera es una colecci\u00f3n rom\u00e1ntica concebida con un sentido de complementariedad y personalizaci\u00f3n. Una colecci\u00f3n vasta y completa con diversas formas que se complementan, dirigida esencialmente al sector profesional y que da a cada autor la capacidad de infundir en el emplatado su sello personal. Este sentido [&hellip;]","og_url":"https:\/\/pro.costa-verde.com\/produto\/prato-25x21cm\/","og_site_name":"Costa Verde","article_publisher":"https:\/\/www.facebook.com\/costaverdeporcelanas\/","article_modified_time":"2021-12-30T16:36:23+00:00","og_image":[{"width":200,"height":200,"url":"https:\/\/pro.costa-verde.com\/wp-content\/uploads\/2021\/04\/costa.verde_.png","type":"image\/png"}],"twitter_card":"summary_large_image","twitter_misc":{"Tiempo de lectura":"1 minuto"},"schema":{"@context":"https:\/\/schema.org","@graph":[{"@type":"WebPage","@id":"https:\/\/pro.costa-verde.com\/produto\/prato-25x21cm\/","url":"https:\/\/pro.costa-verde.com\/produto\/prato-25x21cm\/","name":"Plato 25X21cm - Costa Verde","isPartOf":{"@id":"https:\/\/pro.costa-verde.com\/#website"},"datePublished":"2020-12-04T16:55:03+00:00","dateModified":"2021-12-30T16:36:23+00:00","breadcrumb":{"@id":"https:\/\/pro.costa-verde.com\/produto\/prato-25x21cm\/#breadcrumb"},"inLanguage":"es","potentialAction":[{"@type":"ReadAction","target":["https:\/\/pro.costa-verde.com\/produto\/prato-25x21cm\/"]}]},{"@type":"BreadcrumbList","@id":"https:\/\/pro.costa-verde.com\/produto\/prato-25x21cm\/#breadcrumb","itemListElement":[{"@type":"ListItem","position":1,"name":"In\u00edcio","item":"https:\/\/pro.costa-verde.com\/es\/"},{"@type":"ListItem","position":2,"name":"Loja online","item":"https:\/\/pro.costa-verde.com\/loja-online\/"},{"@type":"ListItem","position":3,"name":"Plato 25X21cm"}]},{"@type":"WebSite","@id":"https:\/\/pro.costa-verde.com\/#website","url":"https:\/\/pro.costa-verde.com\/","name":"Costa Verde","description":"Loja Online","potentialAction":[{"@type":"SearchAction","target":{"@type":"EntryPoint","urlTemplate":"https:\/\/pro.costa-verde.com\/?s={search_term_string}"},"query-input":{"@type":"PropertyValueSpecification","valueRequired":true,"valueName":"search_term_string"}}],"inLanguage":"es"}]}},"_links":{"self":[{"href":"https:\/\/pro.costa-verde.com\/es\/wp-json\/wp\/v2\/product\/19807","targetHints":{"allow":["GET"]}}],"collection":[{"href":"https:\/\/pro.costa-verde.com\/es\/wp-json\/wp\/v2\/product"}],"about":[{"href":"https:\/\/pro.costa-verde.com\/es\/wp-json\/wp\/v2\/types\/product"}],"replies":[{"embeddable":true,"href":"https:\/\/pro.costa-verde.com\/es\/wp-json\/wp\/v2\/comments?post=19807"}],"version-history":[{"count":1,"href":"https:\/\/pro.costa-verde.com\/es\/wp-json\/wp\/v2\/product\/19807\/revisions"}],"predecessor-version":[{"id":39957,"href":"https:\/\/pro.costa-verde.com\/es\/wp-json\/wp\/v2\/product\/19807\/revisions\/39957"}],"wp:attachment":[{"href":"https:\/\/pro.costa-verde.com\/es\/wp-json\/wp\/v2\/media?parent=19807"}],"wp:term":[{"taxonomy":"product_brand","embeddable":true,"href":"https:\/\/pro.costa-verde.com\/es\/wp-json\/wp\/v2\/product_brand?post=19807"},{"taxonomy":"product_cat","embeddable":true,"href":"https:\/\/pro.costa-verde.com\/es\/wp-json\/wp\/v2\/product_cat?post=19807"},{"taxonomy":"product_tag","embeddable":true,"href":"https:\/\/pro.costa-verde.com\/es\/wp-json\/wp\/v2\/product_tag?post=19807"}],"curies":[{"name":"wp","href":"https:\/\/api.w.org\/{rel}","templated":true}]}}

<table width="234">
<tbody>
<tr>
<td width="234">OPERA<br />
Una orquesta y sus solistas.<br />
La colección Opera es una colección romántica concebida con un sentido de complementariedad y personalización. Una colección vasta y completa con diversas formas que se complementan, dirigida esencialmente al sector profesional y que da a cada autor la capacidad de infundir en el emplatado su sello personal. Este sentido de la autoría se refuerza aún más por la conexión entre la colección Opera y las colecciones Boheme y Aria, nacidas para acompañar la colección de base con detalles que enriquecen el conjunto.</td>
</tr>
</tbody>
</table>

<p>OPERA Una orquesta y sus solistas. La colección Opera es una colección romántica concebida con un sentido de complementariedad y personalización. Una colección vasta y completa con diversas formas que se complementan, dirigida esencialmente al sector profesional y que da a cada autor la capacidad de infundir en el emplatado su sello personal. Este sentido [&hellip;]</p>

<!-- This site is optimized with the Yoast SEO plugin v26.9 - https://yoast.com/product/yoast-seo-wordpress/ -->
<title>Plato 25X21cm - Costa Verde</title>
<meta name="robots" content="index, follow, max-snippet:-1, max-image-preview:large, max-video-preview:-1" />
<link rel="canonical" href="https://pro.costa-verde.com/produto/prato-25x21cm/" />
<meta property="og:locale" content="es_ES" />
<meta property="og:type" content="article" />
<meta property="og:title" content="Plato 25X21cm - Costa Verde" />
<meta property="og:description" content="OPERA Una orquesta y sus solistas. La colección Opera es una colección romántica concebida con un sentido de complementariedad y personalización. Una colección vasta y completa con diversas formas que se complementan, dirigida esencialmente al sector profesional y que da a cada autor la capacidad de infundir en el emplatado su sello personal. Este sentido [&hellip;]" />
<meta property="og:url" content="https://pro.costa-verde.com/produto/prato-25x21cm/" />
<meta property="og:site_name" content="Costa Verde" />
<meta property="article:publisher" content="https://www.facebook.com/costaverdeporcelanas/" />
<meta property="article:modified_time" content="2021-12-30T16:36:23+00:00" />
<meta property="og:image" content="https://pro.costa-verde.com/wp-content/uploads/2021/04/costa.verde_.png" />
	<meta property="og:image:width" content="200" />
	<meta property="og:image:height" content="200" />
	<meta property="og:image:type" content="image/png" />
<meta name="twitter:card" content="summary_large_image" />
<meta name="twitter:label1" content="Tiempo de lectura" />
	<meta name="twitter:data1" content="1 minuto" />
<script type="application/ld+json" class="yoast-schema-graph">{"@context":"https://schema.org","@graph":[{"@type":"WebPage","@id":"https://pro.costa-verde.com/produto/prato-25x21cm/","url":"https://pro.costa-verde.com/produto/prato-25x21cm/","name":"Plato 25X21cm - Costa Verde","isPartOf":{"@id":"https://pro.costa-verde.com/#website"},"datePublished":"2020-12-04T16:55:03+00:00","dateModified":"2021-12-30T16:36:23+00:00","breadcrumb":{"@id":"https://pro.costa-verde.com/produto/prato-25x21cm/#breadcrumb"},"inLanguage":"es","potentialAction":[{"@type":"ReadAction","target":["https://pro.costa-verde.com/produto/prato-25x21cm/"]}]},{"@type":"BreadcrumbList","@id":"https://pro.costa-verde.com/produto/prato-25x21cm/#breadcrumb","itemListElement":[{"@type":"ListItem","position":1,"name":"Início","item":"https://pro.costa-verde.com/es/"},{"@type":"ListItem","position":2,"name":"Loja online","item":"https://pro.costa-verde.com/loja-online/"},{"@type":"ListItem","position":3,"name":"Plato 25X21cm"}]},{"@type":"WebSite","@id":"https://pro.costa-verde.com/#website","url":"https://pro.costa-verde.com/","name":"Costa Verde","description":"Loja Online","potentialAction":[{"@type":"SearchAction","target":{"@type":"EntryPoint","urlTemplate":"https://pro.costa-verde.com/?s={search_term_string}"},"query-input":{"@type":"PropertyValueSpecification","valueRequired":true,"valueName":"search_term_string"}}],"inLanguage":"es"}]}</script>
<!-- / Yoast SEO plugin. -->

OPERA Una orquesta y sus solistas. La colección Opera es una colección romántica concebida con un sentido de complementariedad y personalización. Una colección vasta y completa con diversas formas que se complementan, dirigida esencialmente al sector profesional y que da a cada autor la capacidad de infundir en el emplatado su sello personal. Este sentido [&hellip;]

Início
